01a?
201c
In base 3, what is 202 - 220002?
-212100
In base 11, what is -4 - 1a488?
-1a491
In base 6, what is -21 + 24405?
24344
In base 8, what is -1520 - -117?
-1401
In base 2, what is -10111 + 10111010101110?
10111010010111
In base 9, what is 777 - 1006?
-118
In base 3, what is -111011 + 2002101?
1121020
In base 4, what is 2 - 10121222?
-10121220
In base 3, what is 1001 + -212220?
-211212
In base 3, what is -12 - -120101221120?
120101221101
In base 4, what is -1 - -2210022002?
2210022001
In base 14, what is 472 + -38?
438
In base 12, what is 26a + -5526?
-5278
In base 13, what is 4b + -70a5?
-7057
In base 7, what is -1440 + 405?
-1032
In base 16, what is 3 - 14f0a?
-14f07
In base 5, what is -3101 - -12400?
4244
In base 10, what is -102360 + 9?
-102351
In base 3, what is -21 - 22201110021?
-22201110112
In base 15, what is -7e - -5e1?
562
In base 4, what is 2110202 + 1?
2110203
In base 13, what is 33 - 5a8?
-575
In base 11, what is -5005 + 4?
-5001
In base 2, what is 1011001111101000001 + -11?
1011001111100111110
In base 5, what is 132411 - 1420?
130441
In base 12, what is 3827 + -2b5?
3532
In base 3, what is 12011 - -1100?
20111
In base 4, what is -21211331 + -30?
-21212021
In base 13, what is -3c3b + -70?
-3cab
In base 13, what is -7c2 - -b9?
-706
In base 5, what is -2411 + -14?
-2430
In base 4, what is -312 - 1010023?
-1011001
In base 15, what is -2e68 + 12?
-2e56
In base 9, what is -2512408 + -2?
-2512411
In base 9, what is -1263 - 7?
-1271
In base 15, what is 20e4a0 + 1?
20e4a1
In base 5, what is -131 - -111110?
110424
In base 4, what is -13300 + 130?
-13110
In base 5, what is -133430 + 311?
-133114
In base 7, what is -36436 - 5?
-36444
In base 2, what is 111110001100 - 100?
111110001000
In base 16, what is 4a6 + -20?
486
In base 15, what is 86e + -d?
861
In base 9, what is -53686 - 0?
-53686
In base 2, what is 101100001110000011 - 1?
101100001110000010
In base 12, what is 179207 + -1?
179206
In base 14, what is 14 + 1739?
174d
In base 9, what is 20 + 305?
325
In base 5, what is -141204 - 4?
-141213
In base 5, what is -11101 - -2032?
-4014
In base 6, what is 1 + -15314333?
-15314332
In base 15, what is -15 - 48a3?
-48b8
In base 4, what is -21112103 - -23?
-21112020
In base 8, what is -2130 - -5243?
3113
In base 2, what is 1001001 + -110001000001000?
-110000110111111
In base 12, what is 2114 - -5?
2119
In base 2, what is -1001000 - -100101000001110?
100100111000110
In base 12, what is 2 + -743a8?
-743a6
In base 11, what is 5 - -5aa?
604
In base 10, what is 509649 - -1?
509650
In base 11, what is -2 + -41730?
-41732
In base 9, what is 487888 + 2?
488001
In base 13, what is -3b0c0 + 8?
-3b0b5
In base 14, what is -83a - -29c?
-57c
In base 4, what is -12100 - -1102?
-10332
In base 7, what is -33442352 + -1?
-33442353
In base 9, what is 0 + 3067?
3067
In base 5, what is 2113204 + -2?
2113202
In base 6, what is -3 + -22135530?
-22135533
In base 10, what is 86 + 577?
663
In base 12, what is -4 - 504474?
-504478
In base 8, what is 1574 - -1032?
2626
In base 9, what is -78 - 333?
-422
In base 12, what is 28b17 + 18?
28b33
In base 2, what is -10110000001101110010 - 11?
-10110000001101110101
In base 3, what is 2102 + -200021001?
-200011122
In base 15, what is 14c + 3d7?
534
In base 14, what is -37ad - 1?
-37b0
In base 8, what is 1562 + 11?
1573
In base 5, what is -444 - -12044?
11100
In base 9, what is 27 - 1113?
-1075
In base 14, what is bd9b7 + -5?
bd9b2
In base 12, what is 657 + 14?
66b
In base 14, what is 2 - -97?
99
In base 16, what is -5 - e8e?
-e93
In base 5, what is -1 + -3413214?
-3413220
In base 10, what is -4 - 812?
-816
In base 10, what is -2 - 168930?
-168932
In base 14, what is 10c0 - 22?
109c
In base 16, what is 20f8 + 144?
223c
In base 3, what is 20 + 20202221?
20210011
In base 9, what is 3 + 14782?
14785
In base 14, what is 1a + 35a?
376
In base 2, what is -10011 - -10101111010000?
10101110111101
In base 8, what is -2 - -15154?
15152
In base 2, what is -110011001000 + -1001101?
-110100010101
In base 3, what is -212 + 111200221?
111200002
In base 14, what is 5 - 1b5d?
-1b58
In base 10, what is 271082 - 4?
271078
In base 10, what is 26 + 7998?
8024
In base 12, what is 16b2037 + -5?
16b2032
In base 16, what is 32a + 8?
332
In base 7, what is -2246 - -6?
-2240
In base 8, what is -473 + -161?
-654
In base 3, what is -21201 - 22111210?
-22210111
In base 3, what is 1 + -1211120122?
-1211120121
In base 11, what is a438 + -5?
a433
In base 2, what is -1 - 11110011111000001?
-11110011111000010
In base 2, what is -10101101 + 11110101111?
11100000010
In base 12, what is -5 + -baaa?
-bab3
In base 2, what is -10010 - 11101101101?
-11101111111
In base 14, what is -4 + -647b?
-6481
In base 7, what is -23152 - 50?
-23232
In base 8, what is -3562 - -50?
-3512
In base 13, what is -2389 - -226?
-2163
In base 7, what is 35 - 3631?
-3563
In base 8, what is -137 - -1623?
1464
In base 10, what is 254470 - 2?
254468
In base 8, what is 2245762 + 2?
2245764
In base 8, what is 12236711 - -4?
12236715
In base 7, what is 44 - -3604?
3651
In base 13, what is 3 + 2505?
2508
In base 15, what is -26 + -631c?
-6343
In base 3, what is -212101 - -20000?
-122101
In base 5, what is -124 - 14223234?
-14223413
In base 2, what is -1011011001 - 1101000011?
-11000011100
In base 8, what is -32 - 224551?
-224603
In base 3, what is 1020210111 - 12202?
1020120202
In base 8, what is -1406 + -103?
-1511
In base 7, what is 10 + 104131?
104141
In base 11, what is a637 + -17?
a620
In base 6, what is -3 + 22110?
22103
In base 3, what is 222 + 21002000?
21002222
In base 5, what is -121424334 - 1?
-121424340
In base 4, what is 22130010 - 101?
22123303
In base 14, what is -36 + -881?
-8b7
In base 2, what is -1111000111 + -11001011?
-10010010010
In base 11, what is 4 - 8aa962?
-8aa959
In base 11, what is -a7992 - a?
-a79a1
In base 2, what is -10100101110010011 - 1?
-10100101110010100
In base 13, what is -b105 + 7?
-b0cb
In base 11, what is -18a2 + 5?
-1898
In base 8, what is -12415 - -3?
-12412
In base 10, what is -697681 - 0?
-697681
In base 2, what is -10010000 + -10011101000?
-10101111000
In base 6, what is 204425 + -2?
204423
In base 9, what is 2 + -3485?
-3483
In base 15, what is a + 3012?
301c
In base 5, what is -40 - -1212042?
1212002
In base 7, what is -2 + 44523?
44521
In base 10, what is 41 - 628?
-587
In base 7, what is -135001 + 60?
-134611
In base 13, what is -74 - 9ca?
-a71
In base 4, what is 312 - -200133?
201111
In base 15, what is -30 - d78?
-da8
In base 6, what is 21 + 12014?
12035
In base 3, what is 1 - -100021001111?
100021001112
In base 8, what is 2034 + -5332?
-3276
In base 4, what is 202 - 1101?
-233
In base 2, what is 1 + 1011011000?
1011011001
In base 13, what is 0 - 8727?
-8727
In base 5, what is -33214320 - -2?
-33214313
In base 5, what is 1423423 + 3?
1423431
In base 10, what is 10197 - -44?
10241
In base 7, what is 6615 + 521?
10436
In base 6, what is -3 - -40414?
40411
In base 15, what is -c7 - 3e?
-116
In base 16, what is 3b6 + -5?
3b1
In base 16, what is -2d8bd + 0?
-2d8bd
In base 6, what is -200 - 1250?
-1450
In base 7, what is -5 - 2243231?
-2243236
In base 12, what is -172 - 138?
-2aa
In base 4, what is -331211 + 11102?
-320103
In base 13, what is 1 - -5783?
5784
In base 4, what is -1130 + -13131?
-20321
In base 9, what is 3 - -45402?
45405
In base 7, what is -232461 + 1?
-232460
In base 3, what is -120122011010 + -20?
-120122011100
In base 11, what is -5 + 363031?
363027
In base 3, what is -1100 - 200222?
-202022
In base 12, what is a + 4583?
4591
In base 15, what is -1b + 4688?
466c
In base 13, what is 135a + 1a?
1377
In base 16, what is 26 - -4fb0?
4fd6
In base 12, what is 45 + -15b1?
-1568
In base 5, what is -40 - 30413?
-31003
In base 4, what is 1110020 + -3?
1110011
In base 16, what is -5be - -284?
-33a
In base 9, what is 17863 - -1?
17864
In base 15, what is 4e76 - -6?
4e7c
In base 3, what is -211 + -10101011?
-10101222
In base 5, what is -202 - 1000341?
-1001043
In base 9, what is -162418 - 10?
-162428
In base 9, what is 5 - -50728?
50734
In base 4, what is -11320 - -1131?
-10123
In base 14, what is -d4 - -25?
-ad
In base 3, what is 1212 + -221220111?
-221211122
In base 10, what is 0 + 22509?
22509
In base 10, what is 796 - -8072?
8868
In base 